. Calculate the remainder when 1/(-4) + a/24 is divided by g.
13
Let n(r) = r**2 - 3*r + 12. Calculate the remainder when n(10) is divided by 21.
19
Let t(j) = -7*j + 2*j**2 + 2 - 3 + 7. Calculate the remainder when t(4) is divided by 4.
2
Let b(f) = -f**3 - 7*f**2 - 4*f - 7. Let i(s) = 7*s - 3. Let u be i(7). Suppose 0 = 2*q - u - 34. What is the remainder when q is divided by b(-7)?
19
Calculate the remainder when 223 is divided by 4/(-32) - 722/(-16).
43
Let m = -329 + 579. What is the remainder when m is divided by 42?
40
What is the remainder when 22 is divided by 60/14 - (-48)/(-168)?
2
Let h(m) = -2*m + 2*m + 9*m - 5. Suppose -3*x + 9 + 9 = 0. What is the remainder when h(x) is divided by 17?
15
Let x = 20 + -6. Calculate the remainder when 68 is divided by x.
12
Let g(v) = 4*v**2 - 4*v + 3. Suppose -3*t + 2 = -4. What is the remainder when 31 is divided by g(t)?
9
Let y = 15 + 30. Calculate the remainder when y is divided by 8.
5
Let q = 0 + 22. What is the remainder when 85 is divided by q?
19
Let o = -34 - -47. What is the remainder when 34 is divided by o?
8
Suppose -3*r + r = -40. Suppose 0 = 5*v + 5*t - 305, 0 = -4*v + 5*t - 0*t + 226. Calculate the remainder when v is divided by r.
19
Calculate the remainder when 48 is divided by 2/(-1)*(-170)/20.
14
Let y(h) = -2*h + 2. Let b(j) = -8*j. Suppose 4*x - 3*d + 8 = 2*d, -5*d = 3*x + 6. What is the remainder when b(x) is divided by y(-2)?
4
Suppose -4*x - 2*f + 0*f + 32 = 0, 0 = 5*x - f - 47. Calculate the remainder when 26 is divided by x.
8
Suppose 3*l - 4*q = -1 + 93, 0 = -2*l + 2*q + 60. Let b = 41 - l. Suppose -30 = -2*k + 4*g, 3*g - 62 = -5*k + b. What is the remainder when 43 is divided by k?
13
Suppose 2*q - 492 = -2*q. Suppose 0 = 3*n - 3*h - q, -n - 2*h + 86 = n. Calculate the remainder when n is divided by (-6)/(-10) - 624/(-60).
9
Suppose -5*y - 31 = 2*v - 84, 3 = y. Calculate the remainder when (-298)/(-8) + 1/(-4) is divided by v.
18
Let z = -244 - -49. What is the remainder when 61 is divided by z/(-12) + (-3)/12?
13
Let m = -131 - -149. Calculate the remainder when 33 is divided by m.
15
Suppose -4*w - 70 + 334 = 0. What is the remainder when w is divided by 23?
20
Let s(u) = -9*u - 7. Calculate the remainder when 31 is divided by s(-2).
9
Let z = 9 - 2. Let j(y) = y**2 - 2*y - 6. Calculate the remainder when z is divided by j(4).
1
Suppose 10*k - 181 = 189. What is the remainder when 145 is divided by k?
34
Suppose -2*l + 2*h + 70 = 0, -5*l + 2*l - 4*h + 133 = 0. Calculate the remainder when l is divided by 14.
11
Let u(p) = 5*p - 4. What is the remainder when 21 is divided by u(3)?
10
Let c(k) = 9*k - 34. What is the remainder when (58/(-4))/(1/(-4)) is divided by c(6)?
18
Let g(d) = -d**2 - d. Let y be g(0). Let a(z) = -6*z + 4 + z**3 + 12*z - 6*z. What is the remainder when 6 is divided by a(y)?
2
Suppose 4*i + t - 409 = 0, -4*t = -t + 9. Calculate the remainder when i is divided by 21.
19
Let c = -11 - -16. Suppose c*n - 125 = -0*n. Suppose -56 = -4*p - 4. What is the remainder when n is divided by p?
12
Let k = 178 + -82. Suppose -k = -3*o - o. Let x(j) = 4*j + 1. What is the remainder when o is divided by x(2)?
6
Suppose q + 3*q - 24 = 0. Suppose -5*g - 12 - q = -y, -5*g = -5*y + 170. Let n = -25 + y. Calculate the remainder when 37 is divided by n.
11
Let v(l) = -l**3 + 6*l**2 + 5. Let o be v(6). Suppose b = -j - 2, -3*j + o*b = -j + 32. Let s = 32 + j. Calculate the remainder when s is divided by 14.
12
Let y(r) = -r + 2. Let p be y(2). Suppose 2*z = 4*z - 30. Let k = z + p. Calculate the remainder when k is divided by 8.
7
Let n = -26 - -37. Calculate the remainder when 74 is divided by n.
8
Suppose -45 = -7*y + 2*y. Let g(f) = -13*f + 4. What is the remainder when g(-1) is divided by y?
8
Suppose 3*g - 5*g = 12. What is the remainder when 50 is divided by -3*26/g*1?
11
Let g(o) = -o**2 + 5*o + 6. What is the remainder when 13 is divided by g(5)?
1
Let c be (-2 + (-15)/(-6))*0. Suppose b - 5*b + 220 = c. Suppose 3*j + 26 = -o + 79, -5*o + 56 = 4*j. Calculate the remainder when b is divided by j.
17
Suppose 1770 = 4*b + 6*b. Calculate the remainder when b is divided by 15.
12
Suppose 0 = 2*f - 6*f + 2*o + 72, 2*o + 40 = 2*f. Let p be 27/(-6)*(-4)/6. Let t(u) = u**3 + u**2 - 3*u + 3. What is the remainder when t(p) is divided by f?
14
Let k = 10 + -7. What is the remainder when 26 + k/(-3) + 2 is divided by 14?
13
Let g = 14 + -10. Suppose 2*l + 39 = 5*l. Calculate the remainder when l is divided by g.
1
Suppose 2*p - 16 = -2*p. Let l = 13 - p. Calculate the remainder when 26 is divided by l.
8
Let a = -10 + 15. Calculate the remainder when 14 is divided by a.
4
Suppose -2*t - 2*z = -3*t + 40, -3*t = 4*z - 80. Calculate the remainder when t is divided by 11.
10
Let h(c) = -c**3 + c**2 + c - 14. Suppose 0 = -u - 4*u. Let w be h(u). Calculate the remainder when 27 is divided by 0 + (-1 + 0)*w.
13
Let a(z) = -z**3 - z + 2. Let m be a(0). Suppose m*u = -5*c - 1, 4*u = -9*c + 4*c + 13. What is the remainder when u is divided by 4?
3
Let k(u) = -21*u**3 + u - 1. Suppose 2*l + 3 = 5. Let w be k(l). Let z = -15 - w. Calculate the remainder when z is divided by 4.
2
Suppose 2 = -4*y + 10. Let o(a) = a**3 - 2*a**2 - 2*a + 4. Let p be o(3). Calculate the remainder when 26 is divided by 0 - p*-1*y.
12
Let r(k) = -2*k**2 + 23*k + 14. Let f(c) = c**2 - 12*c - 7. Let w(t) = 5*f(t) + 3*r(t). What is the remainder when 18 is divided by w(9)?
4
Let i(j) = j**2 + 2 + 2 - j - 2 - 2*j**2. Let p be i(2). Calculate the remainder when 44/6 + p/(-6) is divided by 5.
3
Suppose -163 = 4*c - 5*p, 3*c = -7*p + 2*p - 131. Let b = -28 - c. What is the remainder when 38 is divided by b?
10
Let n(x) be the second derivative of x**4/12 - 2*x**3/3 - x**2 + x. Calculate the remainder when 55 is divided by n(7).
17
Suppose -8 = n - 125. Let v = -70 - -100. What is the remainder when n is divided by v?
27
Let d(h) = -h + 11. Suppose -5*c + c + 32 = 0. Let m be d(c). Suppose 0 = m*r - 2*r - 43. Calculate the remainder when r is divided by 15.
13
Let j = -117 - -190. Suppose n - 5 = 14. What is the remainder when j is divided by n?
16
Suppose -3 = z - j, j - 3*j = -z - 8. Suppose -z*t = 3*t - 345. Suppose -2*f = f - t. Calculate the remainder when f is divided by 12.
11
Let m be (456/(-20))/(1/(-5)). Suppose g + m = -g. Let r = -36 - g. What is the remainder when r is divided by 8?
5
Let i(k) = -7*k + 2. Let b = 1 - 5. Calculate the remainder when i(b) is divided by 16.
14
Let x be -1 + (-2 - -2*1). Let g be 0/(-1) - (-26 - x). Let l = g - 12. Calculate the remainder when 24 is divided by l.
11
Suppose 4*x - 2*w = -18 - 28, -x - 3*w - 1 = 0. Let o(h) = -2*h + 3. What is the remainder when o(-8) is divided by x/4*(2 - 6)?
9
Suppose -23 = l - d - 4, 2*d = 2. Let a = l - -31. What is the remainder when (-1)/4 - (-306)/8 is divided by a?
12
Calculate the remainder when 41 is divided by 26/(-13) + 1 + 8.
6
Let v = 74 + 1. Let f = 45 + -26. Calculate the remainder when v is divided by f.
18
Let b(o) = -o + 6. Let a(f) = -f - 5. Let h be a(-5). Let w be (-1 - -1)*-1 - h. Calculate the remainder when 17 is divided by b(w).
5
Let w(h) = h**3 + 4*h**2 + 3*h - 2. Let b be w(-3). Let x(l) = 8*l**2 + 1. Let k(o) = o**2 + 4*o - 3. Calculate the remainder when x(b) is divided by k(-6).
6
Suppose -36 = -3*j - j. Calculate the remainder when 44 is divided by j.
8
Let g = -21 + 22. Calculate the remainder when 2 is divided by g.
0
Let g(s) = 2*s + 8. What is the remainder when 51 is divided by g(9)?
25
Suppose 3*t - 57 = t + 3*l, 149 = 4*t + l. Suppose -k = 2*k - t. What is the remainder when k is divided by 4?
0
Let s = -162 + 180. Calculate the remainder when 70 is divided by s.
16
Suppose 0 = -0*c + 2*c - 32. Calculate the remainder when c is divided by 7.
2
Let i(l) = -14*l - 3. Let b be i(-2). Suppose 8*x = 3*x + b. Suppose -x*y - 2*r + 27 = -13, -r = 5*y - 40. Calculate the remainder when 22 is divided by y.
6
Suppose 5*z = -d + 23, -d - 5 - 12 = -5*z. Suppose -5*u + 124 = 4*m, -m + 31 = -z*u + u. Calculate the remainder when m is divided by 11.
9
Suppose -6*b = 2 - 62. What is the remainder when 70 is divided by (b/(-5))/(3/(-18))?
10
Let g(y) = 3*y**2 - y - 1. Let v be g(-1). Suppose -7*j + v*j = -28. Cal